 highest common divisor of 3905 and 2860.
55
What is the greatest common factor of 399 and 18501?
21
What is the greatest common divisor of 8346 and 17394?
78
What is the greatest common divisor of 2502 and 935331?
417
What is the greatest common divisor of 393 and 2552797?
131
What is the highest common factor of 75 and 60240?
15
Calculate the highest common factor of 15 and 168933.
3
What is the highest common factor of 190 and 8531?
19
Calculate the highest common divisor of 6055 and 245.
35
Calculate the highest common divisor of 52724 and 588.
196
Calculate the highest common factor of 40 and 1143640.
40
Calculate the greatest common factor of 1209240 and 16.
8
What is the greatest common divisor of 1 and 2111?
1
Calculate the greatest common factor of 550 and 144530.
10
Calculate the greatest common divisor of 102 and 2889.
3
Calculate the greatest common divisor of 2142 and 8109.
153
What is the highest common divisor of 63 and 5139?
9
What is the greatest common divisor of 4200 and 4242?
42
What is the highest common factor of 993 and 3340452?
993
What is the greatest common divisor of 834109 and 47?
47
What is the greatest common factor of 13053 and 3781?
19
Calculate the highest common divisor of 533 and 1885.
13
What is the highest common divisor of 18 and 152322?
6
What is the highest common divisor of 92527 and 335?
67
Calculate the greatest common divisor of 168820 and 7820.
460
What is the highest common divisor of 21 and 30507?
3
Calculate the greatest common divisor of 186 and 1029417.
93
What is the highest common factor of 81 and 24876?
9
What is the greatest common divisor of 76 and 2029466?
38
What is the highest common divisor of 1998 and 24?
6
What is the greatest common divisor of 98921 and 31?
31
Calculate the greatest common factor of 72 and 1757133.
9
What is the highest common factor of 63756 and 792?
396
Calculate the greatest common divisor of 7259 and 5950.
119
Calculate the highest common divisor of 239720 and 1404.
52
Calculate the greatest common factor of 3240 and 10440.
360
What is the highest common factor of 142651 and 116?
29
Calculate the greatest common factor of 60568 and 54136.
536
Calculate the greatest common factor of 2294 and 151714.
62
What is the highest common factor of 1636 and 17176364?
1636
Calculate the greatest common divisor of 132 and 2948.
44
What is the greatest common divisor of 310 and 6037250?
310
Calculate the greatest common factor of 2640 and 64960.
80
Calculate the highest common factor of 3128 and 598.
46
What is the highest common divisor of 277868 and 8?
4
What is the highest common divisor of 4308237 and 9?
9
What is the highest common divisor of 96 and 116832?
96
Calculate the highest common factor of 32631 and 1168.
73
Calculate the highest common divisor of 994 and 1416947.
497
Calculate the highest common factor of 687 and 4312299.
687
What is the highest common factor of 953066 and 188?
94
What is the greatest common factor of 8979 and 738?
123
What is the greatest common factor of 7 and 50925?
7
What is the greatest common factor of 20 and 493510?
10
What is the greatest common factor of 10750 and 10535?
215
What is the greatest common factor of 3800 and 27200?
200
What is the greatest common factor of 574686 and 630?
126
What is the highest common factor of 39 and 2850627?
39
What is the highest common divisor of 116 and 347884?
116
Calculate the highest common divisor of 1316 and 84.
28
What is the highest common factor of 224 and 57656?
8
What is the greatest common factor of 584 and 21471928?
584
Calculate the highest common factor of 189 and 844128.
27
What is the greatest common divisor of 177320 and 29040?
440
What is the greatest common divisor of 8888 and 484?
44
What is the greatest common factor of 976 and 51179?
61
Calculate the greatest common divisor of 771 and 160625.
257
What is the highest common divisor of 272 and 849136?
16
What is the highest common divisor of 1012 and 2985653?
253
Calculate the highest common factor of 68 and 2209711.
17
Calculate the greatest common factor of 4323 and 66.
33
Calculate the greatest common divisor of 5112 and 568.
568
Calculate the greatest common divisor of 308 and 10549.
77
What is the highest common factor of 141877 and 4631?
421
What is the greatest common factor of 6 and 27831?
3
What is the highest common factor of 125981 and 1007?
53
What is the greatest common divisor of 30 and 12620?
10
Calculate the greatest common divisor of 58794 and 12874.
82
What is the greatest common divisor of 39527 and 188?
47
What is the highest common factor of 586999 and 35?
7
Calculate the greatest common divisor of 113 and 1195314.
113
What is the greatest common divisor of 866650 and 50?
50
What is the highest common factor of 244665 and 180?
45
Calculate the highest common factor of 287 and 273.
7
What is the highest common factor of 88029 and 24?
3
What is the highest common divisor of 455 and 212485?
455
What is the highest common divisor of 147 and 2835?
21
What is the highest common factor of 340 and 320?
20
What is the greatest common factor of 651 and 60228?
21
Calculate the greatest common divisor of 6237 and 25179.
231
What is the greatest common factor of 184195 and 17?
17
Calculate the highest common divisor of 286 and 35838.
22
Calculate the highest common divisor of 350 and 149275.
175
What is the highest common factor of 6688 and 43912?
88
Calculate the greatest common factor of 14 and 257572.
14
Calculate the greatest common factor of 17080 and 42.
14
Calculate the greatest common factor of 12 and 18776.
4
What is the highest common factor of 638 and 704?
22
What is the greatest common factor of 75 and 69?
3
Calculate the highest common divisor of 122863 and 507.
169
Calculate the greatest common divisor of 197 and 228323.
197
What is the greatest common divisor of 20520 and 190?
190
Calculate the greatest common divisor of 36 and 273936.
12
What is the highest common factor of 16530 and 7296?
114
Calculate the greatest common factor of 1316 and 50694.
14
Calculate the highest common factor of 1172 and 22.
2
Calculate the highest common factor of 230 and 50968.
46
What is the highest common divisor of 148 and 3626?
74
What is the greatest common factor of 3855 and 465?
15
What is the greatest common factor of 310193 and 14049?
223
What is the greatest common factor of 1716 and 10218?
78
Calculate the greatest common divisor of 117 and 366353.
13
Calculate the highest common factor of 27 and 51477.
3
Calculate the highest common factor of 50 and 17970.
10
Calculate the greatest common factor of 31190 and 50.
10
Calculate the greatest common factor of 497531 and 3501.
389
What is the highest common divisor of 13195 and 131196?
377
Calculate the highest common divisor of 44336 and 544.
272
Calculate the highest common factor of 13 and 167843.
13
What is the highest common factor of 163 and 195763?
163
What is the highest common divisor of 2613571 and 541?
541
Calculate the greatest common divisor of 15163 and 1799.
257
Calculate the highest common factor of 96999 and 1788.
447
Calculate the greatest common factor of 188718 and 4402.
142
Calculate the highest common factor of 1805 and 685.
5
Calculate the greatest common factor of 9 and 114957.
9
What is the greatest common factor of 68472 and 216?
216
Calculate the greatest common factor of 82412 and 1760.
44
What is the highest common factor of 352 and 28256?
32
What is the highest common divisor of 6994 and 1302498?
538
Calculate the highest common divisor of 49887 and 1205.
241
Calculate the greatest common factor of 2343 and 1947.
33
What is the greatest common factor of 28 and 70742?
14
Calculate the greatest common divisor of 2336 and 19783.
73
What is the greatest common divisor of 1382415 and 1035?
345
Calculate the greatest common divisor of 8730 and 1258284.
582
Calculate the greatest common divisor of 2970 and 5390.
110
Calculate the highest common divisor of 164 and 5572.
4
What is the highest common factor of 257796 and 11088?
2772
What is the greatest common divisor of 872 and 1804604?
436
Calculate the highest common divisor of 37260 and 75762.
1242
What is the highest common divisor of 1024 and 14?
2
What is the greatest common factor of 64774